{"id":14,"date":"2010-06-20T23:57:47","date_gmt":"2010-06-20T21:57:47","guid":{"rendered":"http:\/\/www.mutuaarrocera.com\/\/?page_id=14"},"modified":"2018-05-07T09:01:08","modified_gmt":"2018-05-07T07:01:08","slug":"presentacion","status":"publish","type":"page","link":"https:\/\/www.mutuaarrocera.com\/?page_id=14","title":{"rendered":"Presentaci\u00f3n"},"content":{"rendered":"<p>&nbsp;<\/p>\n<p>La presentaci\u00f3n de esta p\u00e1gina web que la Mutualidad Arrocera se congratula de poner en marcha bien podr\u00eda empezar con aquella conocida pregunta de \u00bfqu\u00e9 hace un chico como t\u00fa en un lugar como este? Efectivamente, nuestra entidad quiz\u00e1 no resulta demasiado glamourosa para los par\u00e1metros en boga. Carece de una dimensi\u00f3n desmesurada pero, eso s\u00ed, mantiene una fidelidad a ultranza hacia principios como la proximidad, la familiaridad en el trato y el compromiso con los suyos.<\/p>\n<p>Estamos hablando de una mutua que ya ha cumplido setenta a\u00f1os y estamos convencidos de que si ha conseguido tal haza\u00f1a se debe, en gran medida, al respeto hacia esos principios que han hecho del contacto directo con el mutualista, de la capacidad para resolver sus necesidades que proporciona \u00e9sa cercan\u00eda para nosotros irrenunciable, su \u00fanica y m\u00e1s poderosa raz\u00f3n de ser.<\/p>\n<p>A partir de un perfil tan arraigado en esta forma de tradici\u00f3n bien entendida podr\u00eda parecer hasta chocante apostar por una p\u00e1gina web. Pero no es as\u00ed en absoluto. Nuestro estilo de gesti\u00f3n, basado en tales criterios de proximidad, ni puede ni debe renunciar en modo alguno al empleo de los recursos tecnol\u00f3gicos m\u00e1s avanzados con el objetivo, precisamente, de intensificar a\u00fan m\u00e1s esa cercan\u00eda con los agricultores y ganaderos para poder proporcionar as\u00ed un mayor grado de satisfacci\u00f3n a nuestros mutualistas.<\/p>\n<p>Y esta manera de proceder obedece ante todo al hecho de que los due\u00f1os de la Mutua Arrocera son los propios agricultores y los ganaderos. No estamos aqu\u00ed para ganar dinero, que es el objetivo, por lo dem\u00e1s leg\u00edtimo, de la inmensa mayor\u00eda de las compa\u00f1\u00edas de seguros, sino para que el seguro agrario cubra cada vez m\u00e1s y mejor las necesidades de sus usuarios que no son otros \u2013lo reiteramos- que los agricultores y los ganaderos.<\/p>\n<p>Nos gusta proclamar que rectitud y transparencia son nuestra divisa. Cada a\u00f1o tenemos m\u00e1s presencia en el capital de Agroseguro y dedicamos toda nuestra participaci\u00f3n a la mejora del seguro. Nuestra prioridad pasa por lograr mayores beneficios para los mutualistas y es por eso que concebimos la mutua como un instrumento y no como una finalidad en si misma.<\/p>\n<p>Nuestras dimensiones en ciertos par\u00e1metros no son obst\u00e1culo para que nuestras ventas sigan creciendo porque lo que cuenta, en realidad, es la eficacia de un modelo de gesti\u00f3n que queremos reforzar un poco m\u00e1s con esta p\u00e1gina web que debe servir de ventana para que nuestros mutualistas puedan disponer de una informaci\u00f3n m\u00e1s r\u00e1pida, inmediata y completa. Por nuestra parte, no vamos regatear esfuerzos para que la mutua contin\u00fae siendo lo que siempre ha sido: un entidad formada por agricultores y ganaderos que trabaja por y para ellos.<\/p>\n","protected":false},"excerpt":{"rendered":"<p>&nbsp; La presentaci\u00f3n de esta p\u00e1gina web que la Mutualidad Arrocera se congratula de poner en marcha bien podr\u00eda empezar con aquella conocida pregunta de \u00bfqu\u00e9 hace un chico como t\u00fa en un lugar como este? Efectivamente, nuestra entidad quiz\u00e1 no resulta demasiado glamourosa para los par\u00e1metros en boga. Carece de una dimensi\u00f3n desmesurada pero, [&hellip;]<\/p>\n","protected":false},"author":1,"featured_media":0,"parent":3,"menu_order":1,"comment_status":"open","ping_status":"open","template":"","meta":[],"_links":{"self":[{"href":"https:\/\/www.mutuaarrocera.com\/index.php?rest_route=\/wp\/v2\/pages\/14"}],"collection":[{"href":"https:\/\/www.mutuaarrocera.com\/index.php?rest_route=\/wp\/v2\/pages"}],"about":[{"href":"https:\/\/www.mutuaarrocera.com\/index.php?rest_route=\/wp\/v2\/types\/page"}],"author":[{"embeddable":true,"href":"https:\/\/www.mutuaarrocera.com\/index.php?rest_route=\/wp\/v2\/users\/1"}],"replies":[{"embeddable":true,"href":"https:\/\/www.mutuaarrocera.com\/index.php?rest_route=%2Fwp%2Fv2%2Fcomments&post=14"}],"version-history":[{"count":8,"href":"https:\/\/www.mutuaarrocera.com\/index.php?rest_route=\/wp\/v2\/pages\/14\/revisions"}],"predecessor-version":[{"id":2153,"href":"https:\/\/www.mutuaarrocera.com\/index.php?rest_route=\/wp\/v2\/pages\/14\/revisions\/2153"}],"up":[{"embeddable":true,"href":"https:\/\/www.mutuaarrocera.com\/index.php?rest_route=\/wp\/v2\/pages\/3"}],"wp:attachment":[{"href":"https:\/\/www.mutuaarrocera.com\/index.php?rest_route=%2Fwp%2Fv2%2Fmedia&parent=14"}],"curies":[{"name":"wp","href":"https:\/\/api.w.org\/{rel}","templated":true}]}}